15)/(-6))*4. Calculate the remainder when 21 is divided by r(z).
10
Suppose 0 = 4*m + 2*k - 132, 0 = -3*m + 2*k - 7*k + 106. Suppose -m*n + 35 = -27*n. Suppose 706 = n*x + 181. What is the remainder when x is divided by 13?
10
Suppose -4*c + 54 + 32 = -2*f, 2*f = 3*c - 64. Let w = 111 + c. Calculate the remainder when w is divided by 34.
31
Let m(d) = 2*d**2 + 16*d + 22. Suppose l + 2*t + 14 = 64, -2*l + t + 80 = 0. Suppose 0 = -5*x - x - l. Calculate the remainder when 10 is divided by m(x).
2
Suppose 0 = 2*v + 340 - 122. Suppose 354 = 14*w - 17*w. Let q = v - w. Calculate the remainder when 29 is divided by q.
2
Let n = 66 + -23. Suppose -2*k = 2*k + w - n, -3*k + 32 = w. What is the remainder when 208/56*294/12 + 7 is divided by k?
10
What is the remainder when 213 is divided by 1 - (-432)/16 - 6?
15
Suppose 0 = -12*v - 11*v + 13*v. Suppose 25*a - 24*a - 29 = v. Calculate the remainder when 139 is divided by a.
23
Suppose -2*x + 38 = -x. Suppose -5*j - 5*z - 2 + 417 = 0, -5*z - 368 = -4*j. What is the remainder when j is divided by x?
11
Suppose -i + 177 = 4*b - b, -3*i = 0. Suppose -47*r = -b*r + 2484. What is the remainder when r is divided by 5?
2
Let q(a) = -a**2 + 9*a + 244. Calculate the remainder when q(14) is divided by 87.
0
Let y(q) be the second derivative of q**5/20 - q**4/12 - q**3/6 - 9*q**2/2 - 33*q. Calculate the remainder when y(4) is divided by (-5)/(20/12) - -21.
17
Let i(r) = -7*r - 314. Let v be i(-56). Suppose -72*d = -v*d + 4602. Calculate the remainder when d is divided by 11.
8
Let o(v) = v**3 + 12*v - 66. What is the remainder when o(8) is divided by 91?
87
Let p(k) = -1795 - 30*k - 17*k - 5*k + 1756 - 2*k**2. Calculate the remainder when 568 is divided by p(-24).
55
Let w be ((-1224)/60 - -15)*(-2 + -3). Let h be (-9)/2*(-6)/9. Calculate the remainder when 7 is divided by 12*h/w*3.
3
Suppose 26*o - 10223 = 5500 - 71. What is the remainder when o is divided by 224?
154
Suppose -83 = 5*u - 33. What is the remainder when 83 is divided by ((-12)/u)/(86/215)?
2
Suppose -5*c + 4*d = -554, 2*c + 28*d - 208 = 33*d. What is the remainder when 155 is divided by c?
41
Let g = 0 - -5. Let m(j) = 88*j - 350. Let i be m(4). Suppose -i*w + 2*v + 2*v = -88, g*w - 195 = 5*v. Calculate the remainder when 202 is divided by w.
32
Let n(f) = -4*f + 126. Suppose 2*x + 2*y = 3*x - 36, y = 3*x - 83. What is the remainder when 37 is divided by n(x)?
15
Suppose -2*i - i + 54 = 0. Suppose 155 = 28*x + 3*x. What is the remainder when (-2696)/(-40) - (-3)/x is divided by i?
14
Let y be (-20 - -20)/(3/1). Suppose 5*q + 4*v - 610 = y, -5*q = 3*v - 737 + 122. Calculate the remainder when (-5)/((-15)/q)*1 is divided by 15.
12
Let n = 410 - 400. What is the remainder when 1639 is divided by n?
9
Let p(a) = -a**2 + 65*a - 999. What is the remainder when 101 is divided by p(29)?
11
Let t(a) = -2*a**2 + 6*a + 3. Let j be t(6). Let m be (2 - (-5)/(-3))/((-72)/7992). Let d = j - m. Calculate the remainder when 9 is divided by d.
1
Suppose -2*s = -6*p + 164, -4*s = -3*p + 35 + 50. Calculate the remainder when 350 is divided by p.
26
Let z be (-15)/30*6*4. Let f = z + 17. Suppose f*b = 130 + 35. Calculate the remainder when b is divided by 18.
15
Suppose -1929*s + 1952*s - 506 = 0. What is the remainder when s is divided by 2?
0
Let v(k) = -15*k + 11. Suppose 5*z - 60 = -0*z. Let i be 3/z - (-13)/(-4). What is the remainder when v(i) is divided by 29?
27
Let i be (-1)/(-2) + 120/(-16). Let p = 206 - 109. Calculate the remainder when p is divided by 21/(-49) - 143/i.
17
Let y = 35 + -20. Let q(v) = 2*v**2 + 22*v - 85. Let s be q(7). Suppose s = 5*u + 22. What is the remainder when u is divided by y?
14
Let m(i) = i**3 - 55*i**2 + 123*i - 178. What is the remainder when m(53) is divided by 89?
11
Suppose 2*u - f - 20 = -5*f, 0 = -5*u - 3*f + 15. Let i(o) = -o + 22. Let a = 20958 + -20828. Calculate the remainder when a is divided by i(u).
20
Suppose 9*a + 72 = -0. Let i(d) = -6*d + 4. Let j be i(a). Let b = j - 43. What is the remainder when 15 is divided by b?
6
Suppose q - 17*j = -18*j + 1553, 0 = -q + 5*j + 1583. What is the remainder when q is divided by 7?
4
Suppose 42*m - 40*m + 3*o - 967 = 0, o = -3*m + 1433. Calculate the remainder when m is divided by 15.
11
Calculate the remainder when 8213 is divided by 0 - 8 - -120*8/16.
49
Let d(z) = -17*z + 9. Suppose -5*i = -2*t + 33, -5*t + 9 = -2*i - 0*i. Calculate the remainder when d(i) is divided by 27.
20
Let w be -5*2/(-25)*-10 - 44. Let f(i) = -i**3 - 2*i**2 + 6*i + 2. What is the remainder when f(-4) is divided by w/(7 + -1) + 13?
0
Let s(n) = -2*n**3 + 7*n**2 - 6*n - 8. Let k be s(4). Let z be k/(-2) - (-5 + 3). Suppose 3*r + 5 - z = 0. What is the remainder when 24 is divided by r?
3
Let y(g) = -g**3 + 18*g**2 + 22*g - 66. Let k be y(18). Suppose k = -12*b + 23*b. Calculate the remainder when 140 is divided by b.
20
Let o be 20/(-15)*-3 - -3*1. Suppose -11*x = -o*x - 16. What is the remainder when 2/x - (-778)/4 is divided by 33?
30
Let b be (-2)/(-15)*5 + 12/9. Calculate the remainder when (-3)/(-2 + 1)*28 is divided by -62*(-3)/6 - b - 0.
26
Let t(f) = 2*f + 68. Calculate the remainder when 189 is divided by t(12).
5
Let v = -2224 + 2233. What is the remainder when 251 is divided by v?
8
Let c(f) = -f**3 + 38*f**2 - 75*f + 145. Suppose -5*z + 82 - 8 = 4*k, -4*z - 56 = -4*k. Calculate the remainder when c(36) is divided by k.
5
Let y = 18485 + -18300. Calculate the remainder when 712 is divided by y.
157
Let m be (-3040)/(-18) + 9 - (-2)/18. Suppose 0 = -6*v + 364 - m. Calculate the remainder when 36 is divided by v.
5
What is the remainder when 1112 is divided by (-8)/14 + ((-33507)/(-119) - -14)?
227
Suppose -2*d - 7*d + 882 = 0. Suppose 18*v = 4*v + d. What is the remainder when 40 is divided by v?
5
Suppose 45*c + 101*c = -51*c + 1970. What is the remainder when 1927 is divided by c?
7
Let q(f) = -11*f. Let c be q(-3). Let r = -22 + c. Let m(v) = v**2 - 8*v - 8. What is the remainder when 96 is divided by m(r)?
21
What is the remainder when 2568 is divided by -1 + (-35)/(-11) + -2 + (-4280)/(-55)?
72
Let h be 2112/(-36) + (100/(-24) + 4)*-10. Suppose 4*l + 86 = 3*l. Let x = h - l. Calculate the remainder when x is divided by 9.
2
Suppose 0 = 2*o - o - 6. Let f(y) = 15*y + 16. Let w(l) = -8*l - 15. Let v(d) = 2*f(d) + 3*w(d). What is the remainder when 68 is divided by v(o)?
22
Let b = 3516 + -3465. What is the remainder when 196 + -1*3/(-3) is divided by b?
44
Let g = 25975 + -24004. What is the remainder when g is divided by 124?
111
Let t be (-7)/((-140)/(-64))*(-20)/8. Suppose -5*b + 4*z + 51 = z, t = -4*z. Suppose 5*v - 57 = 113. Calculate the remainder when v is divided by b.
7
Suppose -h - 3 = -49. Suppose -240 - 2036 = -4*r. Let i = r + -389. What is the remainder when i is divided by h?
42
Let w = -18443 - -20371. Calculate the remainder when w is divided by 25.
3
Let x(d) = 9*d - 47. Let p be x(7). Let l(k) = -k**3 + 20*k**2 - 38*k - 21. What is the remainder when l(p) is divided by 44?
43
Suppose 14*d = 13*d - 7. Let p be (-16)/(-56) - 26/d. Suppose -20 = -3*x + k, -3*x - p*k + 25 = -0*x. What is the remainder when 18 is divided by x?
4
Suppose -59*d = -57*d - 302. Suppose 14*a + d = 837. What is the remainder when a is divided by 15?
4
Suppose 3*a + 112 = 2*p, 3*a = -0*a - 6. Let x(f) = -9*f**3 - f**2 - 9*f + 2. Let u be x(-3). Let c = -236 + u. Calculate the remainder when p is divided by c.
26
Let j(q) = -6*q - 27 - 47 + 10 - 96. Let w be j(0). Calculate the remainder when 47 is divided by w/(-14) + 60/105.
11
Let o(c) = 2*c**2 + 227*c + 36. Calculate the remainder when o(-114) is divided by 51.
48
Suppose -2*p = p - 180. Let m = -23 + p. Let y = m + -17. What is the remainder when 76 is divided by y?
16
Let l(t) = -22*t + 7. Let v be 2/(-12)*-10*-3. Suppose 0 = -10166*i + 10114*i + 1297 + 783. What is the remainder when l(v) is divided by i?
37
Let o(b) = 47*b**2 + b + 277. Calculate the remainder when 283 is divided by o(0).
6
Let z be (2 + -2)*(-2)/(-6). Let v(y) = -12*y + 89. What is the remainder when v(z) is divided by 23?
20
Suppose 12 = 38*l - 39*l. What is the remainder when -1*(-411)/12*(-8 - l) is divided by 14?
11
Suppose 0*h = -3*l - 2*h - 908, 4*h - 616 = 2*l. 